/(-2 - -7)). Let j = -8 + h. What is the units digit of j/9 + 16/3?
5
Suppose -z - 9 = -4*z, 4*o = 3*z + 3. Suppose 0*m - 86 = -3*x - 4*m, 0 = -4*x + o*m + 98. What is the units digit of x?
6
Let o = 583 - 401. What is the tens digit of o?
8
Suppose 300 = 4*v + v. Suppose 3*k - v = -2*k. What is the tens digit of k?
1
Let v = 6 + -4. Suppose -5*s + c = -42, -v*s = 2*s + c - 30. Suppose s = 4*d - 24. What is the units digit of d?
8
Suppose -187 = -5*f - 17. What is the units digit of f?
4
Let u(z) = -z**2 - 8*z + 2. Let d be u(-8). What is the units digit of ((-15)/10)/(d/(-4))?
3
Let g be ((-30)/9)/((-1)/6). Let p = 25 + -36. Let u = p + g. What is the units digit of u?
9
Let l be 4 - 159/9*3. Let j = 84 + l. What is the units digit of j?
5
Let i(c) = 4*c. Let d be i(1). Suppose -15 = -2*g - h, 4*g + d*h = -h + 39. What is the units digit of g?
6
Let i = -13 - -7. Let t(d) = 2*d + 6. Let h be t(i). What is the units digit of (-3 - h)/(2/6)?
9
Let m(r) = 0*r**3 - 2*r**3 + 3*r**3 + 7*r**2 + 6*r - 2. Let d be m(-6). What is the units digit of 0 + d*(-2)/4?
1
Let f = 137 - 28. What is the hundreds digit of f?
1
Suppose -1 = c - 3*t + 2*t, 0 = 3*t - 15. Suppose 4*o - 20 - c = 0. What is the units digit of (4/3)/(4/o)?
2
Let f(n) = -2*n**2 - 2*n - 1. Let y be f(-6). Let d be y/4 - (-2)/8. What is the units digit of (d/(-12))/5*4?
1
Let z = 77 + 88. What is the tens digit of z?
6
Let b(s) = -1 + 0 + 2 + s. Let f be b(3). Suppose -f*o = o - 40. What is the units digit of o?
8
Let b = 128 + -124. What is the units digit of b?
4
Let a(v) = -5*v + 3*v - 4 + 13*v. Let q be a(6). Suppose -4*b + i = -q, b + 0*b + 3*i - 9 = 0. What is the units digit of b?
5
Let a = 2 - 9. Let o(v) = 6*v**3 - 41*v**2 + 56*v - 25. Let d(x) = -x**3 + 8*x**2 - 11*x + 5. Let m(s) = 11*d(s) + 2*o(s). What is the tens digit of m(a)?
1
What is the units digit of ((-14)/8)/(2/(-24))?
1
Suppose f + 2 = 13. What is the units digit of f?
1
Suppose -5*y + 78 + 167 = 5*w, 2*y = -4*w + 108. What is the tens digit of y?
4
Suppose -45 = -2*i + 115. Let b = i + -46. What is the tens digit of b?
3
Suppose 4*q - 475 = -3*i, q - 569 = -4*i + 86. What is the units digit of i?
5
What is the units digit of ((-2)/(-2))/(7/(-15610)*-5)?
6
Let k = -29 - -83. What is the tens digit of k?
5
Let p(a) = 2 + 7 - 2*a + a - 3. What is the units digit of p(-6)?
2
Let s(u) = -u**2 + 4*u + 1. Let d(i) = -2*i**2 + 4*i + 1. Let l(h) = -2*d(h) + 3*s(h). Let x be l(-3). What is the tens digit of x/(-8) + 153/12?
1
Let h(g) = -g**3 + 2*g**2 + 8*g + 2. Let a(c) = -2*c**3 + 4*c**2 + 15*c + 4. Let o(k) = -6*a(k) + 11*h(k). What is the units digit of o(3)?
1
Suppose 3*r - 9 = -4*t, -5*t + 6 = 2*r - 14. Let o = 8 - t. Suppose -o*y = y - 45. What is the tens digit of y?
1
Suppose -9 - 5 = -t - s, -5*t + 42 = -2*s. What is the units digit of (t/(-1))/((-14)/7)?
5
Let u(z) = -z**2 - 7*z - 6. Let t be u(-6). Suppose t = -3*b - 62 + 170. What is the tens digit of b?
3
What is the hundreds digit of 21*(-2)/(-15)*220/4?
1
Let t(w) = -5*w. Suppose 6*n - n = -5*x + 5, 11 = -x + 2*n. What is the tens digit of t(x)?
1
Suppose t = -r, -5*r - t = -3*t - 21. Suppose f = r + 3. What is the units digit of f?
6
What is the units digit of 18 - 9/6*2?
5
Let v = 1 + 1. Suppose r - 20 = -v*n, 0*n = 2*n - 10. What is the units digit of r?
0
Suppose 38 = -4*v + r + 231, 5*v - 2*r - 245 = 0. What is the units digit of v?
7
Let r(n) = -n**2 - 2*n + 2. Let f be r(-2). Suppose -f*t - k + 10 = 0, 3*k = 6*t - 5*t - 5. Let p = 13 - t. What is the units digit of p?
8
Let a = -2 + 4. Let y be 2/(-4)*a - -7. Let f(t) = 2*t - 7. What is the units digit of f(y)?
5
Suppose -3*q + 4 = -2*q. Suppose -2*i + 8 = 3*v - i, -i = q. What is the units digit of v?
4
Suppose -2*u = -7*u. Suppose t - 10 = -u*t - 2*n, 0 = 5*t - 5*n - 35. What is the units digit of (-1)/8*-6*t?
6
Let c(n) = -n**3 - 4*n**2 - 3*n - 4. Let i be c(-4). Suppose 2*r - 9 = -l, l - i = -4*r + 7. Let j(z) = -z**3 + 3*z**2 + z. What is the units digit of j(r)?
3
Let d be (-2)/7 - 284/(-14). Let s = d - 14. What is the units digit of s?
6
Let z = 16 - 22. What is the units digit of (2/2)/(z/(-30))?
5
Let s = 7 - 2. What is the units digit of s?
5
Suppose -x - r + 55 = 3*x, -2*r = 3*x - 40. What is the tens digit of x?
1
Suppose 4*m + 34 = 5*y, 2*m = 3*y + 2*y - 32. Let v = -2 + y. What is the units digit of v?
4
Suppose -4 = -2*i + 12. Let p be (-4)/(-16) + 118/i. Let j = p + -10. What is the units digit of j?
5
Suppose 2*r = 5*r - 9. Suppose 0 = 2*y + 4*u - 22, 0*y - r*y = -5*u. What is the units digit of y?
5
Suppose 4*a - 4*b - 15 - 9 = 0, 5*b = -3*a - 14. What is the units digit of a?
2
Suppose -2*t = 3*p - 21, -p + 8 = t - 0*p. Suppose t*k = -5*v - 103, -5*k = v + 193 - 14. What is the units digit of (2/(-4))/(6/k)?
3
Suppose -2*y + 182 = -74. What is the hundreds digit of y?
1
Suppose 4*l + 3*r = 274 - 100, -2*l - 2*r = -86. What is the tens digit of l?
4
Suppose -5 - 5 = -5*a. Suppose a*i - 5*i = 21. What is the units digit of (-7)/7 + (-1 - i)?
5
Suppose -265 = -2*t - 2*u + u, t - 128 = -5*u. What is the tens digit of t?
3
Suppose -10*m + 609 = -971. What is the units digit of m?
8
Suppose -4*g + 4*j = 28, 3*j + 7 + 8 = -3*g. What is the tens digit of g/(-15) - 108/(-5)?
2
Suppose 7*u - 6*u - 75 = 0. What is the units digit of u?
5
Suppose -k = k + 12. What is the units digit of 27/5 - k/(-15)?
5
Let b = 0 - -2. Suppose -b*d = -5*j - 31, -5*d + 5*j = -39 - 1. What is the units digit of d/(-6)*2*-1?
1
Let v = 177 - 57. What is the units digit of v?
0
Let y(g) = 8*g**2 - 2*g - 9. What is the units digit of y(-3)?
9
Let v(k) = -k**2 - 9*k + 9. What is the units digit of v(-6)?
7
Let m be 3/(0 - 2/18). Let u(b) = -b**3 - 2*b**2 - 3*b - 2. Let d be u(-2). What is the units digit of d/(-10) - m/5?
5
Let x be -3*30/(-9) + 0. What is the units digit of ((-6)/(-5))/(3/x)?
4
Let z(i) = 91*i**2 - 2*i - 1. Let v be z(-1). Suppose -5 = 3*x - v. What is the tens digit of x?
2
Suppose 0 = 4*k - k - 81. Let t = k + -13. What is the units digit of t?
4
Suppose -4*g = 5*s - 504, -5*s - 2*g = -355 - 147. What is the tens digit of s?
0
Let f(v) = -v + 7. Let w be f(5). Suppose -3*d = i - 16, 7*i - 10 = w*i - d. What is the units digit of i?
1
Let l(n) = -2*n**3 - 2 - 2 + 2*n**3 - n**3 + n**2 + 4*n. Let s be l(3). Let b = -1 - s. What is the units digit of b?
9
Let b(h) = h + 16. Let w be b(-7). Suppose t - w = -3. What is the units digit of t?
6
Let q = 41 - 25. Suppose 0*p - 4*p = -q. Suppose 0 = -0*x + x - p. What is the units digit of x?
4
Let f = 0 + 6. Suppose -6*b = x - b + f, b = -x - 6. What is the units digit of -15*(x/(-15) - 1)?
9
Suppose 2 = -2*a - 18. What is the units digit of (0 + 0 - a) + -2?
8
Suppose 2*n = -2*c - 72, -2*n + 108 = -4*c + 3*n. What is the tens digit of 1/((-98)/c - 3)?
1
Let h = 3 + -12. What is the units digit of ((-65)/(-15))/((-3)/h)?
3
Let g(i) = i + 5. Let n be -3 + 4 + -2 - 2. What is the units digit of g(n)?
2
Let m = -19 - -39. Let h = m + -4. What is the units digit of h?
6
Suppose -1 = 4*j + 19, -4*j = 5*s + 95. Let u be (2*-1)/(10/s). Let r = u + 10. What is the units digit of r?
3
Let x = 8 - 6. Let f = 5 - x. What is the units digit of f?
3
Let o(l) = -l**2 + 8*l - 3. Let u be o(7). Suppose -u = d - 0. Let a = 15 + d. What is the tens digit of a?
1
Let h(j) be the first derivative of -1/2*j**2 - 5*j - 1. What is the units digit of h(-8)?
3
Let n be (-45)/(-2) + (-1)/2. Let o be -8*(n/(-8) - 1). Suppose -a - 37 = -5*v - 2*a, -4*v - a = -o. What is the units digit of v?
7
Suppose 4 + 3 = l. Let c be 1 - (-1 + 2/2). Suppose 4*q = l + c. What is the units digit of q?
2
Let n(b) = 10*b - 1. What is the units digit of n(1)?
9
Let v(w) = 2*w. Let b(g) = g**3 - 6*g**2 + 1. Let o be b(6). Let a = 1 + o. What is the units digit of v(a)?
4
Suppose p = -p + 16. Let q = 0 + p. Suppose -q - 2 = -2*b. What is the units digit of b?
5
Let l = 22 - 20. What is the units digit of l?
2
Let k(b) = 2*b - 6. Let v be k(5). What is the units digit of (12/v)/1 - -27?
0
Suppose 16 = a + 3*a. Suppose 3 = -4*f - 4*s + 19, -16 = 4*f - a*s. Suppose f = 3*r - 8*r + 60. What is the units digit of r?
2
Let o = 13 - 10. Suppose 0 = -o*w + 97 + 38. What is the units digit of w?
5
What is the 